-11?
323210321222
In base 11, what is 10583 - 2031?
9552
In base 2, what is -1101010100001000100 - 10?
-1101010100001000110
In base 4, what is -1000110322112 + -10?
-1000110322122
In base 11, what is 907186 + -6?
907180
In base 2, what is -10010 + 1101001100111100101?
1101001100111010011
In base 8, what is -437103 + -4342?
-443445
In base 12, what is -1572 - 1ba7?
-3559
In base 8, what is -47 - -1376501?
1376432
In base 10, what is 33912519 + -4?
33912515
In base 4, what is 10021010 - 11212?
10003132
In base 5, what is 2 - 40011430441?
-40011430434
In base 9, what is 6 + 18352725?
18352732
In base 9, what is 4 - 66357441?
-66357436
In base 9, what is 212 - 51750?
-51537
In base 6, what is 324552155 + -3?
324552152
In base 7, what is -314660540 + -5?
-314660545
In base 13, what is -1614 - 4514?
-5b28
In base 13, what is -842 + -94a3?
-a015
In base 7, what is -206 + 3316166?
3315660
In base 4, what is 100121121012 - 3?
100121121003
In base 11, what is 3 - -183a743?
183a746
In base 9, what is 13184 - 3288?
8785
In base 13, what is 31453 - -382?
31805
In base 12, what is 2 + 10b2616b?
10b26171
In base 15, what is 25 - -13c2b?
13c51
In base 3, what is -1100110222 - -101121?
-1100002101
In base 14, what is 3 - 1409c50?
-1409c4b
In base 9, what is 762 - 801?
-28
In base 6, what is 0 - -3423450?
3423450
In base 3, what is 12010221221112 - -12?
12010221221201
In base 10, what is 0 - -15857905?
15857905
In base 13, what is -7794 - 4?
-7798
In base 3, what is -1012202 - 1221220201?
-2000010110
In base 15, what is -5e024 - 90?
-5e0b4
In base 11, what is -137 - -a8628?
a84a1
In base 14, what is -5 + 442da7?
442da2
In base 16, what is -5eb + -73926?
-73f11
In base 9, what is 0 - 186340037?
-186340037
In base 11, what is -3 + -3655773?
-3655776
In base 12, what is b4b83 - 716?
b4469
In base 11, what is 11625110 - -5?
11625115
In base 12, what is 1681a + 102a?
17848
In base 3, what is 212111210201202 + -12?
212111210201120
In base 2, what is 1001110111000 - -10101111101100?
11111110100100
In base 16, what is -9b275a + 4e?
-9b270c
In base 16, what is -2 + -966bdb0?
-966bdb2
In base 10, what is 63597113 + 2?
63597115
In base 7, what is -2242 + 11543?
6301
In base 8, what is -1 + -41536434?
-41536435
In base 4, what is 101101132301211 - -10?
101101132301221
In base 11, what is 17495969 - -4?
17495972
In base 3, what is 1012000210210 + 1110021?
1012002021001
In base 11, what is -12 + 24920?
24909
In base 11, what is 3832 + 869?
45a0
In base 10, what is 5117502 + 19?
5117521
In base 16, what is 596e7 + 4b?
59732
In base 12, what is 62a4 - 1054b?
-6267
In base 14, what is 306dc - 352?
3038a
In base 6, what is 20 + 124514?
124534
In base 13, what is -7 + 3948831?
3948827
In base 11, what is -30aa - 165a?
-4759
In base 6, what is -4 + 1443532310?
1443532302
In base 10, what is -121792 + 65?
-121727
In base 8, what is -6 + 2170676?
2170670
In base 14, what is -141 - b6bab?
-b6d0c
In base 14, what is -8b + 785b8?
7852b
In base 13, what is 73bc6 + -7b?
73b48
In base 6, what is 353 + 41454?
42251
In base 4, what is -103033121032 + 10?
-103033121022
In base 7, what is -33 + -10640534?
-10640600
In base 13, what is 3 - 235abb52?
-235abb4c
In base 16, what is -4 + -cca89f0?
-cca89f4
In base 12, what is -206b - -2a19?
96a
In base 4, what is -111220303 - -2?
-111220301
In base 3, what is -2010 - 20112112210111?
-20112112212121
In base 10, what is -383175 + 2108?
-381067
In base 8, what is -241723 + 2245?
-237456
In base 2, what is 1011 - -1001000100001011111010?
1001000100001100000101
In base 16, what is -2df32 - -725?
-2d80d
In base 12, what is 247 - -48438?
48683
In base 5, what is -304 - -4310021?
4304212
In base 10, what is 933 + -22400?
-21467
In base 3, what is 1200 + 120122021?
120200221
In base 12, what is 8 + -201095?
-201089
In base 14, what is 46a8d - 73c?
46351
In base 3, what is -220112 - 2012002012?
-2012222201
In base 14, what is 817b - 68a4?
16b7
In base 10, what is -4163 + 3763?
-400
In base 9, what is 706 - 1715361?
-1714554
In base 15, what is -2e49c + -a1?
-2e54d
In base 12, what is -3a1 - -1585?
11a4
In base 6, what is 1214 - -11015021?
11020235
In base 12, what is 7a7372 - 11?
7a7361
In base 12, what is -51a12 - 31?
-51a43
In base 14, what is -1050375 - 4?
-1050379
In base 10, what is -1337 - 2211?
-3548
In base 15, what is 25cb + -8?
25c3
In base 15, what is 11064 - -44?
110a8
In base 9, what is 186 - 161657?
-161461
In base 16, what is 41b5a6f - 4?
41b5a6b
In base 13, what is 22 + -c10c87?
-c10c65
In base 16, what is -673c + 13af?
-538d
In base 5, what is 210 - -4212033343?
4212034103
In base 7, what is -64461 + -24646?
-122440
In base 8, what is 2342 + -613452?
-611110
In base 4, what is -10 + 111211102003?
111211101333
In base 15, what is -8a7e + -4c3?
-9052
In base 15, what is -4b66 + d99?
-3cbc
In base 5, what is -21310331323 - -21?
-21310331302
In base 3, what is -21210000222 - 121?
-21210001120
In base 6, what is 511322 + -151531?
315351
In base 5, what is 3001044 - 133?
3000411
In base 9, what is 34703804 - 4?
34703800
In base 11, what is 111 + 6979?
6a8a
In base 9, what is -30 + 1074475?
1074445
In base 5, what is -120303003 + -13?
-120303021
In base 2, what is 1000010101111010110011 - 1011111?
1000010101111001010100
In base 15, what is -412 + 8d1d?
890b
In base 12, what is 2b8451 - 4?
2b8449
In base 14, what is -37634 + -51?
-37685
In base 4, what is -3 + -12230320132221?
-12230320132230
In base 5, what is -2 - 34303431404?
-34303431411
In base 3, what is -101211121002201120 + -1?
-101211121002201121
In base 3, what is -1110 + 100010200?
100002020
In base 8, what is 1404444112 - 0?
1404444112
In base 12, what is -267 - -3621?
3376
In base 14, what is -1 + 3225b78?
3225b77
In base 5, what is 214 + -212420122?
-212414403
In base 10, what is 186834162 - 4?
186834158
In base 3, what is 11011211200222101 + 11?
11011211200222112
In base 5, what is 3000113334 - 1?
3000113333
In base 2, what is 1000101 - -1101001100111?
1101010101100
In base 2, what is 100010 - -11010010011001011011?
11010010011001111101
In base 13, what is -5 + -21875a19?
-21875a21
In base 6, what is -22513 - 113142?
-140055
In base 10, what is -3574 + -86008?
-89582
In base 14, what is 10 + 3db6714?
3db6724
In base 6, what is 3330552432 - 0?
3330552432
In base 8, what is -3 + -1031505106?
-1031505111
In base 11, what is -364236 + -20?
-364256
In base 15, what is -70560 + -40?
-705a0
In base 2, what is 10001 + 1010101100100010?
1010101100110011
In base 3, what is 1000 + -211202210221?
-211202202221
In base 9, what is -25 - -28116854?
28116828
In base 10, what is 7 + 303563?
303570
In base 5, what is 1114341210 - 2?
1114341203
In base 2, what is -101100001000 + 10100111011?
-10111001101
In base 12, what is 181b + 5364?
6b83
In base 16, what is 11e + d68?
e86
In base 3, what is -21001012202012 - -121?
-21001012201121
In base 7, what is 12015660526 - -1?
12015660530
In base 3, what is -1112020112 + 221101?
-1111022011
In base 9, what is 0 - 3237804?
-3237804
In base 13, what is -6a4 - 1aa28?
-1b3cc
In base 7, what is 360153000 + 1?
360153001
In base 2, what is -1101101110011010010111010 - -1101?
-1101101110011010010101101
In base 8, what is -7 + 262317666?
262317657
In base 9, what is 1320 + -37235?
-35815
In base 4, what is 331030022 - 20200?
331003222
In base 16, what is -346f - 454a?
-79b9
In base 13, what is 1aa6a9 - -110?
1aa7b9
In base 9, what is -5633 - -12752?
6118
In base 2, what is -10000100101000001001101 - 10011?
-10000100101000001100000
In base 16, what is -50e - -15ca?
10bc
In base 8, what is 646 - -112175?
113043
In base 2, what is 1101101011110110 - -1101011?
1101101101100001
In base 16, what is -57 + 464a8?
46451
In base 7, what is -10165 + 36430?
26232
In base 3, what is -2211 - 11022122112?
-11022202100
In base 3, what is -1212 + -1010102010022?
-1010102012011
In base 11, what is -1105171 - 76?
-1105237
In base 7, what is 156334134 + -1?
156334133
In base 7, what is 305416220 - -3?
305416223
In base 11, what is 759 + a1520?
a2179
In base 13, what is -16 + 13a53a9?
13a5393
In base 7, what is -25401 - 2411?
-31112
In base 5, what is -42 - 123044031?
-123044123
In base 2, what is -11 - -100110110100110100010101?
100110110100110100010010
In base 14, what is -1 + 3b64